-3*a = t*g - 998, 0 = 3*g + a - 189 - 562. Is g a prime number?
True
Let z(p) = -p**3 - 11*p**2 + p + 2. Let d be z(-11). Let l be -1299*(15/d - -2). Let b = 670 + l. Is b a prime number?
False
Let z be 31/4 - (-3)/12. Let o(n) = -23*n - 12. Let d(r) = -1. Let l(p) = 5*d(p) - o(p). Is l(z) composite?
False
Let s(y) = -y**3 - 7*y**2 + 8*y. Let l be s(-8). Let q be (-2488)/3*-3 - l. Suppose 4*v - 2*h = q, 4*v - 3125 = -v - 5*h. Is v a composite number?
True
Suppose -3*k + 2 = -2*k. Is (-27 - 4)*(-4 + k) prime?
False
Suppose 2*s - 5*g = -29, 4*s + s - 3*g = -44. Let l be -3 - (-7)/(s/(-8)). Suppose -i + 448 = -3*q, 0 = i + l*q - 19 - 437. Is i a composite number?
True
Let t be 4/(-10) + (2968/40)/(-7). Let p(r) = -r**3 + r**2 + 6*r - 23. Is p(t) a prime number?
False
Suppose 3*i = 2*m - 3*m + 280, m = -2*i + 276. Suppose 10*q = 6*q + m. Is q prime?
True
Let d = -373 + 87. Let s = 555 + d. Is s composite?
False
Is 3202038/168 - 6/8 prime?
False
Suppose 3*x = 2*x + 5*l + 20, 3*x = 2*l - 5. Let h(z) = -74*z + 1. Is h(x) a composite number?
True
Let g = 1151 + -741. Suppose 0 = 5*v - 2695 - g. Suppose -r + 0*r = -2*p - v, 2468 = 4*r - 4*p. Is r a prime number?
True
Suppose 5*w + 7493 = -3*j + 168499, 4*w + j = 128809. Is w a prime number?
True
Let u(k) = -1 - 2 - 925*k + 525*k. Is u(-1) composite?
False
Suppose -5*q = -1101 - 12784. Is q a composite number?
False
Let x(j) = j**3 + 27*j**2 + 111*j - 70. Let y be x(-20). Suppose z - 41 - 122 = 0. Let u = z + y. Is u a composite number?
False
Suppose 12162 = 9*o - 11535. Is o composite?
False
Suppose 2*l - 6 = 2. Suppose 138 = 2*r - l*k - 2360, -5*k = -3*r + 3747. Is r prime?
True
Suppose 0 = -k - 2*y + 32, 0 = -3*k + 4*k - 5*y - 46. Is (-6)/(k/(-1906))*3 composite?
False
Suppose 0 = 36*t - 32*t - 70088. Is t a prime number?
False
Let d(j) be the second derivative of 7*j**5/30 - j**4/6 + j**3/2 + 5*j**2/2 + j. Let p(r) be the first derivative of d(r). Is p(2) composite?
True
Suppose 0 = 3*b + 2*b - 15. Suppose -b*w + 2*f + 22 = -2*w, 0 = -5*f - 20. Is (w/(-3))/((-6)/261) a prime number?
False
Suppose -953 = -2*c + h, 969 - 10 = 2*c - 3*h. Suppose 417 + c = 4*t. Is t a composite number?
False
Suppose -11*s = -s - 60050. Is s a prime number?
False
Let w be 9/(-15) - (-6135)/(-25). Let x = w + 833. Is x a composite number?
False
Let s = 5920 + -3102. Is s composite?
True
Let i(g) = 1549*g + 305. Is i(6) composite?
True
Suppose -3*i - 4*o = -53569, -4*i = -o - 4*o - 71477. Is i a composite number?
False
Suppose r - 2*r + 1 = 0. Let p(x) = x + 7*x**3 - 3*x + 31*x**3 + 1. Is p(r) composite?
False
Is 328652/11 - 37/(2035/(-30)) prime?
False
Let l = 465448 + -276713. Is l a prime number?
False
Let y = 47 - 31. Let b(w) = 102*w + 25. Is b(y) a prime number?
True
Suppose -2*i + 703 = f, 2*i = 11*f - 13*f + 1404. Is f prime?
True
Suppose -2*i - 15 = -5*i. Suppose -2*d - 3762 = -i*l + 8847, 0 = 4*l + 3*d - 10078. Is l a prime number?
True
Suppose m - 4 = -3*g + 22, 0 = -5*g + 15. Suppose -m*t + 12*t = -815. Is t a prime number?
True
Suppose 5*j - 44 = -9. Suppose -j*w - 1914 = -13*w. Is w a composite number?
True
Suppose -5*n + 11*n = 5850. Suppose 5*h + 2*w - n - 2480 = 0, 3*w = 15. Is h prime?
False
Let r(g) = 238*g + 3. Let f(b) = -2*b + 1. Let d be f(-3). Is r(d) prime?
True
Suppose a - 21 = -864. Let o = a + 1309. Is o a composite number?
True
Let u = 517 - 311. Let w be (u/4 + 3)*2. Suppose l = -0*l + w. Is l composite?
False
Suppose 9*x - 16439 = 19174. Is x composite?
True
Suppose -3*v + v = -264. Let i = 1 + v. Suppose -2*n = -4*n - 2*u + 46, -5*n = -u - i. Is n a composite number?
True
Suppose 2*v + 2*z - 103 = v, -3*v + 2*z = -309. Let b = 12 + v. Is b a composite number?
True
Let h(p) = 2*p - 13. Let q be h(6). Let w(j) = 2181*j**2 + 3*j + 1. Is w(q) a prime number?
True
Let q be 151264/128 - (-6)/(-8). Let u be 1 + -2 + -2 + 3. Suppose u*y - 3*n = -4*y + q, 2*n + 592 = 2*y. Is y a composite number?
False
Let u(z) = -z + 8. Suppose 36 = 4*c + 2*b + 2*b, -5*b = 2*c - 33. Let w be u(c). Let t(p) = 33*p + 1. Is t(w) a composite number?
True
Let p(c) = 80*c - 2. Let g be p(3). Let u be 2*(g/4)/7. Let y = u - -26. Is y a prime number?
True
Suppose -30*o + 14*o = 96. Let g(m) = -m**2 + m - 1. Let u(h) = 4*h**2 - 8*h - 4. Let i(w) = 3*g(w) + u(w). Is i(o) a composite number?
False
Suppose 0 = -3*w - 6 - 12. Is ((-28)/w)/(22/4191) a composite number?
True
Let w(b) be the third derivative of 47*b**5/20 + b**4/8 - b**3/6 + 8*b**2. Is w(1) a prime number?
False
Let w = 16 + -11. Suppose -2*j = 2*v, 2*j - j = w*v + 12. Let o = 20 + j. Is o a prime number?
False
Let r(j) = 4*j**2 + 3*j + 2. Let i be r(-2). Suppose 3*m = -0*m + i. Let t(v) = 6*v**2 - 5. Is t(m) a composite number?
True
Is 40/(9 + 1) - -14625 prime?
True
Let i(h) = h**2 + 13*h + 15. Let u be -21 + 17 - 2*4. Let k be i(u). Is (3/3)/(k/93) a prime number?
True
Let l = -3657 - -6656. Is l composite?
False
Suppose 4*h = -h + 10. Let s(g) = -g**2 - 3 + 2*g**2 - 3*g + 0*g**2 + 0*g**h. Is s(-5) a prime number?
True
Let b(c) = c**2 + 4*c + 6. Let p = 4 + -7. Let u be b(p). Suppose 0 = -l - 5*g - 6, 3*l = -0*l - u*g + 18. Is l composite?
True
Suppose 32948 = 5*m - 0*p + 3*p, -4*p = -m + 6585. Is m a composite number?
True
Let h = 71096 - 34663. Is h composite?
False
Is 7 + -4 + 306 + 20 composite?
True
Suppose -645 + 159 = -2*k. Suppose -239*v = -k*v + 12148. Is v composite?
False
Let z be (207 - -4)*(-1 + 2). Let t = 2192 - z. Is t composite?
True
Let g(l) = -l**2 - 13*l - 7. Let t be -1*1 - 64/8. Let k be g(t). Suppose s = 124 - k. Is s composite?
True
Let q be (6 + -5)*(-2 + 3). Is (1/q)/((-8)/(-2296)) a prime number?
False
Let j be (-2 + 2 + 1 + 0)*-425. Let r = -106 - j. Is r prime?
False
Suppose -6 = n - 2, 0 = -s - 2*n - 3. Suppose f - 766 = 2*w, 4*f - 1967 = -s*w + 1097. Is f composite?
True
Let m be 2/1 + 31*11. Let a = 130 + m. Let p = 892 - a. Is p prime?
True
Suppose -96*b - 294915 = -99*b. Is b prime?
False
Let c(x) = -x**2 - 11*x - 16. Let t be c(-9). Suppose m - 1 = 0, t*m + 1409 = 5*j + m. Suppose 4*p - 1958 = -j. Is p composite?
False
Let y(i) = i**2 + 4*i + 5. Let u be y(-3). Suppose -5*l - 779 = -u*v, -5*l = 5*v - 1464 - 466. Is 10/(-5) + v/3 prime?
True
Let c(m) = 25530*m - 79. Is c(2) a prime number?
False
Let w(b) = -3*b - 2 + 12*b**2 - 3 + 2 + b**3 - 6. Let j be w(-9). Suppose 0 = 5*s - 1004 - j. Is s composite?
True
Suppose 4*z + 160 = 3*s - 268, -5*z - 558 = 2*s. Let v = -813 + -934. Let n = z - v. Is n composite?
False
Let y be 29/3 + 10/(-15). Is (-4 + (-13720)/(-12))/(6/y) a composite number?
False
Let w = 47 - 15. Suppose 28*o + 356 = w*o. Is o composite?
False
Let i(u) = -14*u - 7. Suppose -31 = 5*h - r, -3*h + 11 = -4*h + 5*r. Is i(h) a composite number?
True
Let a(i) = 35*i + 8. Let k be a(1). Let w be (-1)/3*(-6)/1. Suppose k + 23 = w*m. Is m prime?
False
Let k = -1143 + 2138. Suppose y + 4*y = k. Suppose 0 = -0*u - u + y. Is u prime?
True
Suppose 16*u - 388528 = 104320. Is u composite?
False
Let u = -17 + 41. Let z = 24 - u. Suppose z = 4*d + d - 885. Is d prime?
False
Let z(j) be the third derivative of -j**6/40 + j**5/60 + j**4/24 + 4*j**2. Let s be z(-1). Let d(i) = 8*i**2 + i - 1. Is d(s) prime?
False
Let r(s) = 13*s - 4. Let o = 7 + -1. Is r(o) a prime number?
False
Suppose 5*w = 3*y - 9474, -2*y + 7502 = -w + 1179. Is y prime?
True
Let i(y) = -y**3 - 15*y**2 - 27*y - 8. Is i(-22) composite?
True
Is 729 + (-3)/(-3) - -7 a composite number?
True
Let m(b) = -b**3 + b. Let f(y) = 4*y**3 - 18*y**2 + 14*y - 11. Let l(a) = -f(a) - 3*m(a). Is l(16) a prime number?
True
Suppose f + f = 2*y + 9060, -3*f + 2*y = -13595. Is f a composite number?
True
Let v(w) = w**2 + 2. Let l be v(0). Suppose l*k = 2*a + 366, -4*k + a = k - 931. Is k composite?
True
Let u = -39 - -43. Suppose 5*g - 325 = u*q, -26 = -g - 2*q + 53. Is g a prime number?
False
Let f(d) = 2741*d**2 - 11*d + 41. Is f(4) a composite number?
False
Let t(q) = 406*q**3 + 3*q**2 - 46*q + 181. Is t(4) prime?
True
Suppose -5*j = -0*j + 2*l - 274, 5*l - 97 = -2*j. Suppose -3*z = -y + 672 + j, -2*y - 3*z + 1429 = 0. Is y a composite number?
False
Let m(s) = -2*s**2 + 11*s - 18. Let y be m(8). Let b = 98 + y. Suppose 165 = 5*n + b. Is n a composite number?
True
Let v = 1 + 2.